8) in base 7?
2041
Convert -124 (base 11) to base 3.
-12110
What is 16954 (base 14) in base 3?
2212210200
-14 (base 16) to base 14
-16
Convert 6dc (base 14) to base 6.
10202
What is -1011001000000 (base 2) in base 4?
-1121000
-9765 (base 10) to base 12
-5799
4 (base 10) to base 5
4
Convert -328 (base 10) to base 15.
-16d
22201 (base 5) to base 15
6d6
Convert -545 (base 9) to base 2.
-110111110
Convert 5525 (base 10) to base 12.
3245
What is 1330 (base 8) in base 15?
338
What is 174 (base 9) in base 5?
1043
Convert 10110101 (base 2) to base 10.
181
What is 595 (base 10) in base 8?
1123
What is 412 (base 15) in base 2?
1110010101
22120 (base 3) to base 13
14a
Convert -10501 (base 6) to base 3.
-2000201
What is -22213133 (base 4) in base 11?
-2a744
What is 969 (base 14) in base 13?
acb
What is -128 (base 10) in base 11?
-107
-440 (base 11) to base 8
-1020
What is 3021103 (base 4) in base 11?
9752
Convert -4462 (base 8) to base 9.
-3205
Convert -119a9 (base 11) to base 13.
-7a87
What is -50a (base 15) in base 9?
-1501
What is 2427 (base 13) in base 10?
5103
Convert a3b (base 12) to base 3.
2001002
What is -1628 (base 10) in base 7?
-4514
2008 (base 16) to base 13
396a
4214 (base 5) to base 6
2331
Convert 1153 (base 13) to base 4.
212002
-29 (base 14) to base 16
-25
What is -221302 (base 4) in base 12?
-166a
1670 (base 8) to base 16
3b8
-13110 (base 4) to base 12
-330
What is -616 (base 15) in base 14?
-6dd
Convert -3021001 (base 4) to base 3.
-122122111
Convert -21545 (base 6) to base 12.
-18b5
What is 502 (base 8) in base 5?
2242
Convert 14754 (base 8) to base 11.
4a93
Convert -621 (base 12) to base 2.
-1101111001
What is -4269 (base 13) in base 6?
-110353
What is 15263 (base 9) in base 5?
313200
Convert -2864a (base 11) to base 10.
-40710
Convert -438 (base 12) to base 9.
-758
What is 11213 (base 4) in base 14?
1b9
-21224 (base 5) to base 9
-1868
-111010 (base 2) to base 13
-46
-838 (base 11) to base 9
-1341
704 (base 10) to base 9
862
Convert -29b7 (base 12) to base 2.
-1001100011011
Convert 100100100 (base 2) to base 16.
124
38218 (base 9) to base 13
b906
What is 22010011 (base 3) in base 4?
1130131
What is -7678 (base 14) in base 10?
-20490
What is 369 (base 10) in base 3?
111200
Convert -121 (base 9) to base 6.
-244
-cdf (base 16) to base 7
-12415
32464 (base 7) to base 4
1333003
What is 553 (base 14) in base 11?
878
-14302 (base 7) to base 5
-111142
Convert 2e1b (base 16) to base 8.
27033
-11100010 (base 2) to base 12
-16a
-5a0 (base 14) to base 10
-1120
What is -22110021 (base 3) in base 7?
-23653
What is 34532 (base 6) in base 10?
4952
What is 834 (base 9) in base 13?
403
Convert -1112112 (base 3) to base 16.
-461
Convert 194a (base 15) to base 6.
41154
-286 (base 11) to base 16
-150
Convert -10001011000 (base 2) to base 16.
-458
Convert 201031 (base 4) to base 7.
6124
What is -23113 (base 12) in base 11?
-3219a
What is 326 (base 10) in base 9?
402
What is -3c48 (base 15) in base 13?
-5b3a
3359 (base 12) to base 8
13065
-5524 (base 7) to base 8
-3672
-42 (base 9) to base 3
-1102
11001111 (base 2) to base 11
179
Convert 23322 (base 7) to base 8.
13552
-12a (base 16) to base 5
-2143
What is -2020110011 (base 3) in base 11?
-30122
What is 1323 (base 4) in base 3?
11120
-164 (base 15) to base 14
-18b
What is -1736 (base 8) in base 6?
-4330
1143 (base 6) to base 11
234
2224 (base 7) to base 12
56a
-103425 (base 8) to base 5
-2101311
Convert 32032 (base 5) to base 12.
12a6
Convert -1c4d (base 16) to base 11.
-5497
307 (base 12) to base 10
439
Convert 5419 (base 14) to base 4.
3202333
What is -440 (base 14) in base 6?
-3520
What is 6417 (base 8) in base 12?
1b27
457 (base 10) to base 13
292
What is -100011110001 (base 2) in base 13?
-1071
Convert -33240 (base 5) to base 8.
-4420
What is -1301113 (base 4) in base 6?
-53331
What is 1102244 (base 5) in base 11?
13370
Convert 71b (base 12) to base 2.
10000000111
Convert 4863 (base 9) to base 7.
13362
What is 35a (base 12) in base 11?
417
-24a (base 12) to base 14
-1aa
What is 4624 (base 15) in base 9?
22367
2a65 (base 11) to base 6
30131
-21a09 (base 12) to base 8
-127151
Convert -1011100111010 (base 2) to base 9.
-8136
Convert 114440 (base 6) to base 16.
2778
-1011010011 (base 3) to base 12
-11164
1101122 (base 3) to base 4
33320
What is -10010101111101 (base 2) in base 13?
-44a3
What is -33a (base 14) in base 15?
-2ca
424 (base 10) to base 6
1544
Convert -57250 (base 8) to base 7.
-130435
2585 (base 9) to base 4
132110
Convert 1084 (base 9) to base 5.
11210
-27657 (base 9) to base 13
-8704
-5b4 (base 16) to base 5
-21320
What is -2145 (base 6) in base 12?
-355
What is 100111101001101 (base 2) in base 7?
113121
302133 (base 4) to base 14
126b
What is cf8c (base 16) in base 13?
1b251
What is -12303 (base 5) in base 15?
-438
What is 132023 (base 4) in base 16?
78b
What is -39c1 (base 14) in base 6?
-115021
Convert -22a3 (base 13) to base 10.
-4865
Convert -2722 (base 9) to base 15.
-915
Convert 19547 (base 10) to base 2.
100110001011011
Convert 1331100 (base 4) to base 15.
2596
Convert -1010011010000 (base 2) to base 13.
-256b
Convert 11740 (base 8) to base 3.
20222110
4bbb (base 12) to base 6
103555
What is -11b (base 13) in base 16?
-c1
383 (base 10) to base 12
27b
Convert 24 (base 9) to base 6.
34
What is 1be7 (base 15) in base 6?
44031
-1468 (base 12) to base 13
-1115
Convert -4033 (base 6) to base 11.
-735
Convert 3d8 (base 15) to base 12.
612
What is 3f59 (base 16) in base 3?
211020122
2664 (base 9) to base 7
5560
557 (base 8) to base 5
2432
What is 1010330 (base 4) in base 16?
113c
Convert 15326 (base 9) to base 4.
2203221
What is -165 (base 7) in base 15?
-66
358 (base 13) to base 12
404
What is -1210200 (base 3) in base 2?
-10100100010
1a2a (base 13) to base 9
5338
What is 254254 (base 6) in base 13?
a615
1651 (base 8) to base 10
937
-4467 (base 9) to base 14
-12bb
What is 22796 (base 10) in base 9?
34238
What is 37da (base 14) in base 4?
2121010
Convert -323 (base 11) to base 6.
-1444
What is d3f (base 16) in base 8?
6477
-20432 (base 5) to base 16
-557
What is 350 (base 9) in base 5?
2123
Convert 1154 (base 13) to base 15.
ac5
Convert -34721 (base 11) to base 16.
-c3c5
Convert -1133 (base 8) to base 16.
-25b
Convert -62636 (base 7) to base 15.
-4878
-670 (base 9) to base 3
-202100
-1150 (base 10) to base 5
-14100
What is 3556 (base 8) in base 12?
1126
What is -20224 (base 5) in base 15?
-5c9
What is -23231 (base 5) in base 9?
-2278
1033204 (base 6) to base 15
102cd
What is 1720 (base 8) in base 10?
976
What is -102100201 (base 3) in base 12?
-4961
Convert 2673 (base 8) to base 14.
76b
-2210110 (base 3) to base 9
-2713
6773 (base 11) to base 7
34662
Convert 2cb0 (base 14) to base 9.
11862
507 (base 12) to base 3
222221
-115846 (base 9) to base 5
-4214240
Convert -24401 (base 7) to base 2.
-1100011100011
-312 (base 9) to base 16
-fe
51 (base 12) to base 10
61
Convert 131516 (base 7) to base 16.
6023
What is -6440 (base 10) in base 3?
-22211112
What is -31132 (base 5) in base 13?
-c11
25c (base 13) to base 12
2a7
-3107 (base 11) to base 9
-5578
Convert 467 (base 9) to base 14.
1d7
-b7a (base 12) to base 7
-4615
Convert -1621 (base 8) to base 7.
-2443
What is 2677 (base 10) in base 7?
10543
Convert 5471 (base 9) to base 6.
30401
What is -12111322 (base 4) in base 15?
-7a6d
Convert -619 (base 10) to base 15.
-2b4
What is -524d (base 15) in base 16?
-43f6
Convert 22113 (base 4) to base 6.
3023
What is 101335 (base 6) in base 2?
1111110111011
What is 110011111111011 (base 2) in base 5?
1322434
Convert 27543 (base 10) to base 5.
1340133
Convert -1845 (base 12) to base 6.
-21325
What is 912d (base 15) in base 11?
21028
-1110111 (base 2) to base 14
-87
Convert -827 (base 15) to base 9.
-2461
998 (base 16) to base 11
1933
-69cc (base 16) to base 11
-19392
What is 31a7 (base 11) in base 4?
1002013
What is 9d6 (base 16) in base 11?
198a
What is 50102 (base 11) in base 15?
16ad8
112222 (base 3) to base 9
488
What is 142 (base 6) in base 9?
68
Convert 20034 (base 5) to base 14.
669
What is 20132 (base 4) in base 3?
202002
What is -2967 (base 13) in base 6?
-43440
Convert 1140 (base 9) to base 4.
31032
Convert -1122012112 (base 3) to base 16.
-7de1
881 (base 16) to base 13
cb6
Convert -49976 (base 11